 Give g(t).
1
Let g(w) be the third derivative of 1/12*w**5 - 1/120*w**6 - 6*w**2 + 0*w**3 + 1/24*w**4 + 0*w + 0. What is g(5)?
5
Let h(s) = s + 2. Let a be 6/(-27) + (-188)/(-36). Let l be ((-25)/3)/((-1)/3). Suppose -l = 5*f - 0*f + a*m, 2*m = -f - 6. Calculate h(f).
-2
Suppose -4*c - c = 5. Let j = 3 - c. Suppose -j + 19 = -3*r. Let h(f) = f. Determine h(r).
-5
Let a(v) be the third derivative of v**5/60 + v**4/12 + v**3/6 + 4*v**2. Calculate a(2).
9
Let h(w) = -w**3 - 2*w**2 + 4. Let k be h(0). Let f = -5 + k. Let x(q) = -q**3 + q**2 + q. Give x(f).
1
Let q(k) = 8*k**3 + 6*k**3 + k - 15*k**3 - k**2 + 15. Determine q(0).
15
Suppose 0 = 5*j - 3*j + 24. Let a be (-16)/j - 1/3. Let s(m) = 6*m**2 - 2*m + 1. Calculate s(a).
5
Let f = -3 + 6. Suppose -a + 1 = -0. Let d(r) = 5 - r - a - 2*r - 1. What is d(f)?
-6
Let z(y) = y**2 + y - 1. Let k(t) = t**2 - t + 4 - 4 + 2*t. Let f be k(-2). Give z(f).
5
Let a be 4/(-18) + (-29)/(-9). Let u(y) = -2*y**2 + 4*y**2 + y**a - y**2 + 1. What is u(0)?
1
Let t(d) = -d**2 + 2 - 7*d + 1 + 2*d. What is t(-4)?
7
Let f(y) = y**2 + 10*y + 20. Let n be f(-7). Let m(g) be the first derivative of 1 + 1/2*g**2 - g**3 + g. Determine m(n).
-3
Suppose 0 = -j - j + 20. Suppose 0*y = -2*y + j. Let g(w) = -w + 2. Calculate g(y).
-3
Let l(m) be the first derivative of -m**3/2 + 3*m**2/2 - m - 3. Let b(d) be the first derivative of l(d). Determine b(2).
-3
Suppose 0*y + 4*y - 2*q + 26 = 0, 5*y = -5*q - 25. Let x = -2 - y. Suppose x*l = -5*c - 25, -20 = 5*c + 3*l - 0. Let f(w) = -10*w - 1. Give f(c).
9
Let l(v) = 2*v. Suppose 23 = 5*c + 3. Give l(c).
8
Let s(k) be the third derivative of k**7/840 - k**6/360 - k**4/12 + k**3/3 + k**2. Let l(r) be the first derivative of s(r). Let t = 0 - -2. What is l(t)?
2
Let y(z) = -2*z**3 - z**2 + 1. Let r(t) = -2*t. Let l be r(-1). Suppose -2*v + 2*h - 4*h + 12 = 0, v = 3*h - 6. Let j = l - v. Give y(j).
2
Let f(w) = 3*w - 5. Let n(t) = -1 - t**2 - 4*t + 4*t - 6*t. Let v be n(-5). Determine f(v).
7
Let p(r) = -12*r**2 + r + 6. Let h(x) = 7*x**2 - 3. Let d(t) = 5*h(t) + 3*p(t). What is d(5)?
-7
Let q be 12/5 - 18/45. Let y(u) = -u - u**q + 2 + u**2 + u**3. Determine y(-2).
-4
Let n(x) = 6*x - 140 + 140. Determine n(2).
12
Let f(x) = x**3 + 6*x**2 + 7*x + 2. Let w be ((-190)/(-57))/(4/(-6)). What is f(w)?
-8
Suppose 43 = 4*f + 7. Let m be ((-6)/2)/9*f. Let q(i) = i**2 - 3. Determine q(m).
6
Let g(w) be the second derivative of -w**3/2 - 3*w**2/2 + 23*w. What is g(-6)?
15
Let v(j) = 2*j**2 - j**2 + 459 - 4*j - 462. Give v(4).
-3
Let t(b) = -b - 2. Suppose 0 = 4*r - 19*r - 45. Determine t(r).
1
Let c(v) = -v**3 + 5*v**2 - 3*v. Let n(o) = -o. Let b be -7 + (-6)/((-9)/3). Let r be n(b). Suppose -4*u - i - 2*i + 5 = 0, -5*u + r = 5*i. Calculate c(u).
6
Let g(m) = -m**3 + 5*m**2 - m + 5. Suppose -c + 8 - 3 = 0. Let t = c - 0. What is g(t)?
0
Suppose -4*y + 3*m + 5 = 0, 3*y + y = -5*m + 13. Let c(a) = 2*a**3 - a**2 - 2*a + 3. Determine c(y).
11
Let s(k) = 3*k - 9. Let x(w) = -w + 1. Let a(o) = -s(o) - 4*x(o). Let c be a(-7). Let l(j) = -j**3 - j**2 + j. Determine l(c).
2
Suppose 2*q - 1 = 1. Let w(y) = 7*y + 1. Give w(q).
8
Let r(u) = 5*u + 2. Let y(h) = 5*h + 2. Let p(q) = -3*r(q) + 2*y(q). Suppose 3*k - 9 = -3*d, -12 = k + d - 3*d. Calculate p(k).
8
Let t(i) = -i**3 + 4*i**2 - 4*i + 3. Let b(u) = 5*u**3 - 20*u**2 + 21*u - 16. Let k(d) = -2*b(d) - 11*t(d). Calculate k(2).
-5
Suppose 3*h - t - 2*t = 3, 13 = -2*h + 5*t. Let y(a) = -2 - 82*a + 78*a - a**2 + h. What is y(-5)?
-1
Let y(g) = 17*g**2 + 2*g + 1. Suppose 6 = -4*r - 2*r. What is y(r)?
16
Let z(f) = f**2 + 6*f + 3. Let g(c) = 4*c**2 + 23*c + 12. Let m(i) = 2*g(i) - 9*z(i). Calculate m(-5).
12
Let z(c) be the second derivative of c**5/20 - c**3/2 + c**2 + 8*c. Determine z(2).
4
Let k(a) = -a**2 + 4*a + 5. Let x be k(4). Suppose -3*p + 2*p + x*z - 13 = 0, 5*z - 25 = 5*p. Let c(g) = g**3 + 3*g**2 + 5*g + 4. Give c(p).
-11
Let u(o) = 2*o**3 + 2*o**2 + o + 4. Let k(v) = 8*v**3 + 7*v**2 + 4*v + 16. Let f(w) = 2*k(w) - 9*u(w). Calculate f(-3).
17
Let u(j) be the third derivative of -j**4/12 - j**3/6 - 10*j**2. Let d(i) = 5*i**3 + 2*i**2 + 2*i + 1. Let f be d(-1). Calculate u(f).
7
Let v = 1 + 2. Let i(c) = 2 + 2*c**3 + c**3 + v*c**2 - 2*c**3 + 2*c**2 + 5*c. What is i(-3)?
5
Suppose -w = -j, -6*w + 8 = -5*j - 3*w. Let i(f) = 2*f**2 + 5*f + 2. Give i(j).
14
Let c(u) = 3 + 2*u**2 + u**3 - u - 7*u**2 + 1. Let g be (-2)/(-5)*(-20)/(-2). Suppose -g*v + 45 = -5*l, 3*l + 19 = 4*v - 16. Calculate c(v).
-1
Let o(g) = g**3 + 7*g**2 + 7*g + 8. Let j be o(-6). Suppose r = j*r - 5. Let t(k) = -3 + k**3 + 3 - 5*k + 10*k - 1 + r*k**2. Give t(-4).
-5
Let o(m) be the second derivative of -m**5/20 - m**4/12 + m**3/6 - 3*m**2 + 2*m. Suppose -2*h - 3*h + 0*h = 0. What is o(h)?
-6
Let n(a) = a + 2. Let y be n(1). Let h(z) = z**3 - 2*z**2 - 2*z + 3. Calculate h(y).
6
Let p(j) be the third derivative of -j**3 - 9*j**2 - 1/120*j**6 - 7/60*j**5 + 0*j - 1/4*j**4 + 0. Calculate p(-6).
-6
Let o(m) = -5*m**2 - 2*m + 7. Let z(b) = 10*b**2 + 3*b + 2 - 5*b**2 - 10 + b**2. Let k(d) = 5*o(d) + 4*z(d). Calculate k(-2).
-5
Let p be 1/(4 + 63/(-15)). Let r(n) = -n**3 - 6*n**2 - 6*n - 2. Calculate r(p).
3
Let j(q) = -2*q**2 - 5*q + 4. Suppose -5*w + 175 = -30. Let c be (-12)/6*w/(-2). Suppose 0 = 4*a - 4*t - 4, 2*a + 5*t + c = -2*a. Calculate j(a).
-8
Let z(i) = 4*i + 2. Let b(d) = d + 15. Let t(m) = -m - 7. Let k(f) = -4*b(f) - 9*t(f). Let r(x) = -5*k(x) + 6*z(x). Determine r(-3).
0
Let h(z) = 3*z**2 + 12*z + 3. Let u(d) = -2*d**2 - 11*d - 1. Let x(k) = 3*h(k) + 4*u(k). Calculate x(5).
-10
Let j(r) be the second derivative of -5*r**4/12 + r**3/6 - r**2/2 + 38*r. Let p = 0 + 1. Let a be j(p). Let g(c) = -2*c + 4. Determine g(a).
14
Let a(w) = 5 - 3*w - 1 - 5*w - 3. Let d be -1 + 3 + 1*-1. Give a(d).
-7
Let o(f) = 3*f**3 + f**2 - 1. Let u be (-10)/(-3) + 12/18. Suppose 0 = -u*p - 3 - 1. Calculate o(p).
-3
Let q(k) = -2*k**3 + k**2 - 5*k + 1. Let o(g) be the third derivative of -g**6/120 - g**5/60 - g**4/24 + 2*g**2. Let b(r) = -3*o(r) + q(r). What is b(-4)?
9
Let l(u) = u**2 + 4*u + 1. Let b be l(-5). Let h(x) = -x + 1. Let d(z) = 3*z + 2 + 1 + 3 - 7. Let g(v) = d(v) + 2*h(v). Determine g(b).
7
Suppose -3*i = 2*o + 20, -i + 8 = -2*i - 2*o. Let d be 1/(-2)*(0 + i). Let n(m) = -m + 0*m - m + 3. Calculate n(d).
-3
Let q = -7 - -9. Let m(u) = 2*u - 2*u + u + q. Let r be m(-4). Let f(w) = -2*w + 1. Determine f(r).
5
Let b(j) be the third derivative of j**6/120 - j**4/12 + j**3/2 + 36*j**2. What is b(-3)?
-18
Let r(u) be the third derivative of -1/60*u**5 + 0 + 3*u**2 + 0*u + 5/24*u**4 + 1/2*u**3. Calculate r(5).
3
Let r be (-1 + 2 - 1) + 4. Let k(v) = -v**3 + 5*v**2 - 5*v - 1. Determine k(r).
-5
Let f(j) = -j - 4. Let x be -4 - (-1 + -1)*2/(-4). What is f(x)?
1
Let n = 1 + 9. Suppose -5*l + n = -5*m, l = 5*m + 4*l + 18. Let k(d) = 5*d**2 + 1 + 0*d**3 + d**3 - 2 + 4*d. Give k(m).
5
Let c be ((-9)/4)/((-48)/128). Let v(n) = n - 8. Give v(c).
-2
Let s(o) = o**3 + 4*o**2 - 5*o + 2. Suppose 4*a = -3*b + 6 + 28, -4*a = -16. Let i = -3 + b. Suppose -2*p = -x - 13, x + 2*p - 18 = i*x. What is s(x)?
2
Let h(c) be the third derivative of c**6/60 - c**5/20 + 2*c**2 - 24*c. Determine h(2).
4
Let w = 2 + -1. Let n be w/2*4 + -7. Let i(r) = -r**2 - 4*r - 1. Let m(j) = j**2 + 4*j + 1. Let z(v) = -4*i(v) - 5*m(v). Calculate z(n).
-6
Let i(m) = -m**2 + 6*m - 3. Let p be i(2). Let l(v) be the third derivative of 0*v - 3*v**2 + 0 + 1/6*v**3 - 1/60*v**p + 0*v**4. What is l(2)?
-3
Suppose 5*m = -10, -4 = 2*x - 4*m - 6. Let y(t) = -t**3 - 3*t**2 - t + 2. Determine y(x).
5
Let k(a) = 2*a**2 + 0*a - 4*a - 2 + 4*a**2 - a**3. Let g be 1/(-6) - (-1)/6. Let f be (g/3 + -1)*-5. Determine k(f).
3
Let q(a) be the first derivative of 1/3*a**3 - 5 - 3*a - a**2. What is q(3)?
0
Let y(d) be the second derivative of 2*d + 0 - d**2 - 2/3*d**3 + 1/12*d**4. Determine y(4).
-2
Let v(b) = -b**2 + b + 1. Suppose 0 = 5*w + 19 + 6. Let k = 4 + w. What is v(k)?
-1
Let k(x) be the second derivative of -x**4/12 + x**2 - 6*x. Give k(2).
-2
Let u(v) = -v**3 - 4*v**2 + 2*v - 2. Let s(r) = 2*r + 11. Let f be s(-8). Calculate u(f).
13
Suppose 2*s = -3*w + 30, -4*s + w - 2 = -90. Let b be 14/s*(-6)/(-4). Let i(o) = o - 2. Let c(v) = 1. Let l